 5*d**2/2 + 2*d - 151. Suppose 39 = 4*t + 3*l, t + 2*l - 22 = -t. Let v be (9*(-1)/4)/(t/16). Give w(v).
-28
Let f(y) = -y - 2. Let x(k) = k + 1. Let p(r) = 3*f(r) + 5*x(r). Let a = -121 + 122. Give p(a).
1
Let v be 142/(-48) - (18 + -6 + -15). Let z(o) be the third derivative of -4/3*o**3 + 0 + 0*o - 19*o**2 + v*o**4. Determine z(5).
-3
Suppose 5 + 3 = r. Let x be (-5)/((-100)/r)*5 - 5. Let w be (-1)/(x*2/(-54)). Let n(u) = u**3 + 8*u**2 - 10*u - 7. What is n(w)?
2
Let x be (-4 - (-25)/10)/((-3)/8). Suppose x = 2*l - l. Suppose -d - 5*b + 4*b - l = 0, 0 = 3*d + b + 18. Let r(s) = 2*s + 5. Determine r(d).
-9
Suppose -114*x + 27 = -236*x + 113*x. Let t(q) = -q**2 - 14*q - 24. Calculate t(x).
9
Suppose -11*d - 20 = -218. Let y be -1*8 - 10/((-60)/d). Let j(z) = z**3 + 6*z**2 + 2*z + 6. Determine j(y).
21
Let v(i) = i - 4. Let f be v(2). Let z be (-5)/(-2) + 1/f. Let d(o) be the second derivative of o**3/6 + o**2 - 559*o. Determine d(z).
4
Let y be 1/((-19)/12 + (-35)/(-28)). Let x(p) = 3*p**2 - 9*p - 7. Let m(u) = 4*u**2 - 10*u - 12. Let z(f) = y*x(f) + 2*m(f). Determine z(6).
3
Suppose 7*w - 5 = 2*w. Let l(g) = -22*g**3 + 12*g**2 - 5*g - 36. Let h(u) = 21*u**3 - 10*u**2 + 4*u + 31. Let z(c) = 7*h(c) + 6*l(c). What is z(w)?
16
Let c(d) be the third derivative of 0*d - 1/3*d**3 - 7*d**2 + 0 + 3/8*d**4. Let r(y) = -y**3 - 26*y**2 - 24*y + 28. Let o be r(-25). Calculate c(o).
25
Let i(b) = -5180 + 7*b**2 + 5205 - 9*b**2 - 12*b. What is i(-9)?
-29
Suppose 3*j = 5*n - 15, 96*j - 2*n = 100*j - 32. Let x(q) = 1 + 2*q**3 + 4*q**2 + q**3 + 2*q**2 - 3*q - 4*q**3. Calculate x(j).
11
Suppose -17*d = -20*d + 6. Let n(j) = 172 - 56 + 7*j - 61 - j**d - 60. Give n(6).
1
Suppose 4*i + k = -20, -2*i - k - 8 = -0*i. Let l = 236 + -231. Let f(u) = -8*u + 35 + l*u**2 - 71 + u**3 + 32. Calculate f(i).
8
Let k(f) be the second derivative of -f**5/20 - 5*f**4/12 - 4*f**3/3 - 5*f**2 + 1831*f. Calculate k(-5).
30
Let g(c) = -2 + 14*c - 9 - 2*c - 6 + 7 - c**2. Let b(p) = -p**3 + 10*p**2 - 7*p - 8. Let f be b(9). Determine g(f).
10
Let o(y) = 3*y - 10. Let n(z) = -98*z**2 + 5*z + 4. Let b be n(-1). Let f = b + 107. What is o(f)?
14
Let b be ((-114)/(-9))/((-1)/(0 + 3)). Let o = -34 - b. Suppose -o*x - 28 + 56 = 0. Let s(f) = f - 4. Determine s(x).
3
Let l(p) be the first derivative of p**2/2 + 24*p - 12. Let n be l(-15). Let v(m) = 3 - m**2 - m + 3*m - n*m + 2. What is v(-7)?
5
Suppose 25264 = -h + 25264. Let r(a) = a**2 - 3*a + 26. Give r(h).
26
Let s(a) = 18*a - 274. Let g(n) = -7*n + 114. Let x(w) = -12*g(w) - 5*s(w). What is x(-2)?
14
Let g(h) = 485*h**2 - 120*h**2 - 119*h**2 - 125*h**2 - 120*h**2 + 8*h + 6. Suppose -p + 5 - 3 = 0. Suppose -x - 19 = p*x + r, 2*r + 31 = -5*x. Give g(x).
-1
Let d(t) = 24 + 9 + 5 - 11 + 3*t - 2*t. Calculate d(-11).
16
Let b = 1223 - 1222. Let l(g) = -17*g + 23. Give l(b).
6
Suppose -16*t = -28*t + 72. Let i(x) be the third derivative of 0 + 0*x - 1/12*x**4 - 4*x**2 + 4/3*x**3. Calculate i(t).
-4
Let j = 58 + -49. Suppose 15 = 8*n - j. Let c(p) = -8*p**3 + p + 5 + 7*p**3 + n*p**2 + p**2. Determine c(4).
9
Let g(t) = t**2 - 5*t - 64. Let y(p) = p**2 - 4*p - 44. Let m(b) = -2*g(b) + 3*y(b). Let f be -2*(-4)/((-8)/5). Determine m(f).
31
Let o(m) = m**3 - 12*m**2 - 11*m - 28. Let u(b) = -2*b**2 + 144*b + 13. Let f be u(72). Give o(f).
-2
Let x(r) = 30*r**2 + 51*r + 12. Let w(p) = -14*p**2 - 24*p - 5. Let k(a) = -13*w(a) - 6*x(a). What is k(1)?
1
Let l(i) = i**3 - 5*i**2 + 7*i - 11. Let s(j) = 3*j**3 - j**2 + j + 1. Let b be s(1). Let q be l(b). Let t(f) = 15*f - 2*f - 8*f - 3*f. Calculate t(q).
2
Suppose 157*v - 44 = 201*v. Let s(d) = -23*d - 12. Give s(v).
11
Let l = 731 - 731. Let d(s) = 17*s + l - s**2 + 1 + 12 - 22. Determine d(15).
21
Let g = 109 - 110. Let a(t) be the first derivative of -10*t**2 + 12. Determine a(g).
20
Suppose -2*w - 2*w + 32 = 0. Suppose w = -5*r - 32. Let s(t) = -9*t**3 - 8*t + 187*t**2 - 573*t**2 + 194*t**2 + 3 + 199*t**2 + 10*t**3. Give s(r).
3
Let i(f) = -f**3 + 5*f**2 + 4*f - 9. Let k(j) be the first derivative of -j**3/3 + 5*j**2 + 17*j - 24. Let b be k(11). Calculate i(b).
-21
Suppose -i - 41 = -45. Let j be -9*((-1)/i)/((-12)/(-16)). Let f(s) = s**2 - 7*s - 3. Let n(d) = d. Let u(g) = -f(g) - 5*n(g). What is u(j)?
0
Let n be 3/2*(90/27)/(-1 + 2). Let g(c) = c**3 - 5*c**2 + 6*c - 11. Determine g(n).
19
Let d(x) = -x**2 - 7*x - 1. Suppose -i + 11 = 4*h + h, -3*i - 39 = -3*h. Let m be -1 + i - 39/(-13). Give d(m).
-1
Let v(j) = 50 - j + 40 + 35 + 12 - 29. Give v(0).
108
Let h(x) be the first derivative of -17*x**2/2 - 66*x + 5372. Give h(-3).
-15
Let q(g) be the third derivative of -g**4/8 + 3*g**3/2 + 251*g**2 - 2*g. Calculate q(-8).
33
Suppose 5*n + 2 = -x, 5*n - x - 10 = -6*x. Let t(h) be the second derivative of h**4/3 + h**2/2 - 347*h - 2. Determine t(n).
5
Let k(z) be the first derivative of z**2/2 - 2*z - 6. Let n = 80 - 76. Suppose -3*t = -4*t - n*t. Determine k(t).
-2
Let z(g) = 4*g**2 - 2*g - 4. Let u be 1 - 6/14 - (-2597)/(-343). Let c(s) = 9*s**2 - 3*s - 10. Let j(l) = u*z(l) + 3*c(l). Give j(2).
4
Let n = 5589 - 5586. Let k(x) = x**3 - 2*x**2 + 7*x - 4. Give k(n).
26
Let l(o) = -o**2 - 8*o. Let n(x) = x**2 + 12*x - 547. Let j be n(18). What is l(j)?
7
Let o(a) = a**2 - 2*a + 1. Let b(t) = 4*t**2 - 10*t - 14*t + 17*t + 2 + 2. Let c(s) = -b(s) + 3*o(s). Calculate c(4).
-13
Let r(z) = -12*z + 7. Suppose 0 = 24*b + 230 - 220 - 178. Determine r(b).
-77
Let o(z) = -2*z**3 + 46*z**2 + 2*z - 7. Let p(f) = -3*f**3 + 78*f**2 + 3*f - 16. Let h(d) = 5*o(d) - 3*p(d). What is h(-3)?
1
Suppose 0 = -77*q + 74*q - h - 14, 2*h + 25 = -5*q. Let d(x) = 6*x + 2. Calculate d(q).
-16
Let m(j) be the first derivative of 37*j**2/2 - 362*j - 4893. Calculate m(10).
8
Suppose -4*c + c = -38*c - 420. Let m(k) = -k - 20. What is m(c)?
-8
Let f be -5*1 + (-690)/(-23). Suppose w + 1 = 5*q + f, -5*w - 5*q = -30. Suppose 0 = w*l - 25 - 11. Let c(m) = -m - 1. Determine c(l).
-5
Let j(o) = -10*o**3 + 48*o**2 - 86*o - 18. Let q(n) = -23*n**3 + 112*n**2 - 200*n - 42. Let y(c) = -16*j(c) + 7*q(c). Calculate y(15).
-141
Let d be (-2 + -1 - -4)/(2/(-210)). Let a be 2/(-11) - d/33. Let l be (a + -1 + -1)/(1/(-2)). Let s(t) = -t**2 + t + 2. Give s(l).
-4
Let r(q) = -1246*q + 5 - 1241*q + 2486*q. Let z(a) = -a**2 - 11*a + 3. Let h be z(-11). Calculate r(h).
2
Let g = -54 + 58. Let v(d) = d**3 + 5*d**2 - 6*d + 1. Let f be v(-6). Let r(a) = g - 2*a + f - 2 - 1. Determine r(-2).
6
Let f = 30 - 85. Let l = 57 + f. Suppose -5*g + 4*p + l = 0, 3*g - 3*p = -5*p - 12. Let m(i) = 3*i**3 + 4*i**2 + i - 2. What is m(g)?
-12
Let y(p) be the first derivative of -p**6/120 - p**5/5 - p**4/2 - 4*p**3/3 + 175*p**2/2 - 260. Let q(u) be the second derivative of y(u). Determine q(-11).
3
Let j(v) = 5*v + 46. Let k(r) = 4*r + 31. Let y(l) = 7*j(l) - 10*k(l). Calculate y(6).
-18
Let o(s) = 16*s + 339. Let a be o(-21). Suppose 16 = 3*k - 5*n, -2*k - 5*n + 1 = 7. Let q(t) = a*t + t - k*t + 19 - t. What is q(0)?
19
Let j(s) = -1199*s**2 + 236*s - 167. Let c(r) = -450*r**2 + 79*r - 55. Let t(x) = -8*c(x) + 3*j(x). What is t(-26)?
-9
Let u = -583 + 598. Suppose u*f - 2 = 28. Let i(c) = 2 + 2*c**3 + 2*c**2 - 3*c**3 + 4*c - 5*c. Give i(f).
0
Let p be (-2)/(-15) + 8/(-60). Suppose -u = -0*u - p*u. Let v(x) = x**3 - x**2 + 1. Calculate v(u).
1
Let u(a) be the third derivative of 0*a - 1/120*a**6 - 1/2*a**3 + 1/8*a**4 + 0 + 1/60*a**5 - 4*a**2. Let s(h) = -12*h + 26. Let k be s(2). Determine u(k).
-1
Let w(l) = -13*l**3 + l**2 + 112*l - 39. Let u(z) = -7*z**3 + z**2 + 60*z - 20. Let r(a) = 11*u(a) - 6*w(a). Calculate r(-7).
0
Let x(i) be the second derivative of -i**4/6 + 7*i**3/6 - 5*i**2/2 - 3*i. Let y = -3381 + 3385. Give x(y).
-9
Let c = 9321 + -9319. Let m(p) = 19*p - 5. Calculate m(c).
33
Let h(z) = -3*z**2 - 2*z + 2 + 3*z**2 - z**2. Let i(t) = t**3 + 20*t**2 + 35*t - 19. Let b be i(-18). Let n be (-6 - (-28)/4)*3*b. What is h(n)?
-1
Let c(u) = u**2 + 2*u + 4. Let r(p) = 2*p**2 + 12*p + 10. Let k be r(-5). Suppose k = -14*g + 13*g. Determine c(g).
4
Let i(a) = -13*a + 5 + 0*a - 1190*a**3 - 1199*a**3 + 3*a**2 - 14*a**2 + 2390*a**3. What is i(12)?
-7
Let x(r) = -r - 5. Let o be x(-5). Let q(v) = 7 - 3*v + 5*v - 30 - 8 - 3*v + 7. Determine q(o).
-24
Suppose -4*n - 3*i